528258 a multiple of 9?
False
Is 86620961 a multiple of 635?
False
Is 6137 a factor of 215598947?
True
Does 135 divide 267162705?
True
Is 32175460 a multiple of 28?
False
Is 46899722 a multiple of 373?
False
Is 66 a factor of 10385026?
False
Is 87849506 a multiple of 16?
False
Does 6179 divide 271477709?
False
Is 155 a factor of 85326260?
True
Does 42 divide 2296796?
False
Does 1305 divide 7472566?
False
Is 247 a factor of 1146482307?
False
Is 16119656 a multiple of 589?
False
Is 218 a factor of 2998522766?
False
Is 1453277787 a multiple of 34?
False
Is 118960568 a multiple of 386?
True
Is 88237875 a multiple of 11?
True
Does 165 divide 108551190?
True
Is 15 a factor of 56087676?
False
Is 83070120 a multiple of 105?
True
Does 1222 divide 137815547?
False
Is 115719856 a multiple of 16?
True
Does 10498 divide 3123973335?
False
Does 447 divide 3354288?
True
Does 7 divide 39830672?
True
Is 19689741 a multiple of 2056?
False
Is 286183609 a multiple of 5?
False
Is 4 a factor of 102662176?
True
Is 2330555771 a multiple of 4?
False
Does 74 divide 938216326?
True
Is 123 a factor of 260360127?
True
Is 14 a factor of 93443114?
False
Does 582 divide 286704599?
False
Is 1539882368 a multiple of 6206?
True
Is 12894120 a multiple of 135?
True
Is 8 a factor of 105011744?
True
Is 255796781 a multiple of 7?
False
Is 44920770 a multiple of 10?
True
Does 1543 divide 909464494?
False
Is 14827176 a multiple of 229?
False
Is 182 a factor of 45315270?
True
Is 283 a factor of 27066509?
False
Is 85160950 a multiple of 1633?
True
Is 2245499342 a multiple of 16?
False
Is 60484655 a multiple of 13?
False
Is 40 a factor of 318064760?
True
Is 96 a factor of 57143413?
False
Is 4367434081 a multiple of 28?
False
Does 5 divide 1237743513?
False
Is 208775891 a multiple of 24?
False
Is 51867029 a multiple of 253?
False
Is 4250 a factor of 201906433?
False
Is 3122 a factor of 525249664?
False
Is 2 a factor of 3545032?
True
Is 27552629 a multiple of 1730?
False
Is 1622669605 a multiple of 1025?
False
Is 1547148 a multiple of 12?
True
Is 48 a factor of 85203168?
True
Does 27 divide 68446564?
False
Does 129 divide 25248448?
False
Is 11606271 even?
False
Does 132 divide 1974334900?
False
Does 10 divide 267657?
False
Is 86 a factor of 352941764?
True
Does 1481 divide 1121841763?
False
Is 17719845 a multiple of 11?
True
Is 925303785 a multiple of 4305?
True
Does 1026 divide 366729536?
False
Is 480435960 a multiple of 345?
True
Is 139 a factor of 62250030?
False
Is 5 a factor of 105613337?
False
Does 216 divide 27011232?
True
Is 12 a factor of 23782064?
False
Does 106 divide 66664672?
True
Does 3287 divide 1528448109?
False
Is 173690759 a multiple of 13?
False
Is 16577686 a multiple of 2208?
False
Is 911885822 a multiple of 6?
False
Is 12 a factor of 691048642?
False
Is 1165 a factor of 133460911?
False
Is 84948079 a multiple of 747?
False
Is 18693111 even?
False
Is 35 a factor of 123785043?
False
Is 4 a factor of 411415116?
True
Does 6 divide 12603022?
False
Is 24 a factor of 216012744?
True
Does 108 divide 163887802?
False
Does 1302 divide 19121172?
True
Is 1189 a factor of 683814113?
True
Does 296 divide 1615609911?
False
Does 15 divide 71804070?
True
Is 26650278 a multiple of 18?
True
Does 107 divide 15646016?
False
Does 2337 divide 5194471?
False
Is 8 a factor of 106620403?
False
Is 10782132 a multiple of 354?
True
Is 601 a factor of 854669479?
True
Is 2463792 a multiple of 3?
True
Is 730 a factor of 2975907050?
True
Is 97232190 a multiple of 30?
True
Is 17544084 a multiple of 56?
False
Does 94 divide 4071130751?
False
Is 99 a factor of 41827255?
False
Does 152 divide 15033968?
False
Does 24 divide 2251458312?
True
Does 38 divide 1311328700?
True
Is 14022596 a multiple of 167?
False
Does 12779 divide 3212947296?
True
Is 9 a factor of 984951?
True
Is 40252720 a multiple of 80?
True
Does 2132 divide 1227763368?
True
Does 37 divide 100778158?
True
Is 15 a factor of 11025120?
True
Is 66248790 a multiple of 412?
False
Is 150828615 a multiple of 151?
True
Does 2352 divide 112989379?
False
Is 183261452 a multiple of 15?
False
Is 2253785172 a multiple of 564?
True
Is 530284332 a multiple of 18?
False
Does 201 divide 9316149?
True
Is 12 a factor of 383965392?
True
Does 2799 divide 1922675085?
True
Is 84 a factor of 8011354?
False
Does 24 divide 32025864?
True
Is 107691743 a multiple of 29?
False
Is 1191622874 a multiple of 2777?
False
Does 7 divide 704589130?
True
Does 453 divide 38770458?
True
Does 11 divide 221068703?
False
Is 5030490040 a multiple of 178?
True
Is 28742212 a multiple of 94?
False
Does 18 divide 359173392?
False
Is 22020665 a multiple of 2689?
False
Is 667397070 a multiple of 162?
True
Does 11547 divide 1917343718?
False
Is 209315956 a multiple of 148?
True
Is 1085 a factor of 174662215?
True
Is 46 a factor of 370447308?
False
Is 7 a factor of 45028556?
False
Is 9 a factor of 301987219?
False
Does 197 divide 34030457?
False
Is 28923122 a multiple of 37?
True
Does 599 divide 1704319126?
True
Is 753 a factor of 420828809?
False
Does 607 divide 877128354?
True
Is 840562836 a multiple of 13644?
False
Does 13 divide 36613940?
False
Is 7 a factor of 47319931?
False
Is 81011589 a multiple of 861?
False
Does 11808 divide 2945782548?
False
Is 79721274 a multiple of 22?
False
Does 23 divide 101985544?
False
Is 187 a factor of 127183249?
False
Does 674 divide 89657502?
True
Is 17750620 a multiple of 1697?
True
Is 466148 a multiple of 44?
False
Is 7393211 a multiple of 28?
False
Is 19862200 a multiple of 25?
True
Is 2375706 a multiple of 6?
True
Is 78549786 a multiple of 1503?
True
Is 94886280 a multiple of 72?
True
Is 66342240 a multiple of 405?
True
Is 278 a factor of 38124107?
False
Does 89 divide 37629378?
True
Is 34 a factor of 144436828?
True
Does 10 divide 187311370?
True
Is 6 a factor of 1259722944?
True
Is 14577457 a multiple of 477?
False
Is 4 a factor of 14072404?
True
Is 21 a factor of 15721461?
True
Is 70874699 a multiple of 97?
True
Is 3672951410 a multiple of 3224?
False
Is 5016026565 a multiple of 4565?
True
Is 40371602 a multiple of 1617?
False
Is 43123680 a multiple of 90?
True
Does 2472 divide 15348648?
True
Does 385 divide 1017056849?
False
Does 488 divide 2752374168?
True
Is 2608 a factor of 436847824?
True
Is 1020850800 a multiple of 15?
True
Is 13307580 a multiple of 1089?
True
Does 8 divide 352115160?
True
Does 70 divide 3015455847?
False
Does 19 divide 196815452?
True
Does 118 divide 38811262?
True
Is 581 a factor of 21416398?
False
Does 33 divide 69557136?
True
Is 46 a factor of 20990766?
True
Does 92 divide 242876780?
True
Is 88630620 a multiple of 2587?
True
Is 134 a factor of 2603775?
False
Is 6749070 a multiple of 117?
False
Does 20 divide 4122740?
True
Does 2445 divide 295030815?
True
Is 651678406 a multiple of 17?
False
Is 400778315 a multiple of 9487?
True
Is 20 a factor of 27184337?
False
Is 55 a factor of 11672586?
False
Does 9 divide 53896796?
False
Does 142 divide 2486802289?
False
Is 69 a factor of 41664983?
False
Does 16 divide 1017314?
False
Is 691337460 a multiple of 2182?
False
Does 17 divide 81594543?
True
Is 2123886248 a multiple of 7251?
False
Does 1756 divide 430000500?
True
Does 17524 divide 5752305572?
True
Does 137 divide 122918592?
True
Is 8635770 a multiple of 6?
True
Is 131 a factor of 139706260?
True
Is 8 a factor of 387791260?
False
Does 57 divide 4592593?
False
Is 801502 a multiple of 7?
False
Does 12 divide 228741721?
False
Is 400559920 a multiple of 71?
False
Is 129117654 a multiple of 3?
True
Does 25 divide 285575929?
False
Is 85225844 a multiple of 781?
True
Is 5 a factor of 516093380?
True
Is 24401520 a multiple of 440?
True
Is 47968171 a multiple of 402?
False
Is 358519567 a multiple of 11?
False
Is 13 a factor of 635826977?
False
Is 3242 a factor of 799879208?
True
Is 148 a factor of 18600442?
False
Is 131 a factor of 345031858?
False
Is 533187591 a multiple of 15?
False
Is 464260250 a multiple of 250?
True
Is 624307782 a multiple of 115?
False
Does 16 divide 46424288?
True
Is 858 a factor of 66829446?
False
Is 13790824 a multiple of 99?
False
Does 145 divide 8940703?
False
Is 175 a factor of 70426300?
True
Is 19194545 a multiple of 57?
False
Is 42064227 a multiple of 333?
True
Does 106 divide 1464134222?
True
Does 53 